number?
False
Is 498067 a prime number?
False
Is 54347 prime?
True
Is 6371 a composite number?
True
Is 137437 a prime number?
True
Is 92033 prime?
True
Is 24715 composite?
True
Is 291677 composite?
False
Is 75137 prime?
False
Is 9733 prime?
True
Is 50146 prime?
False
Is 1073537 composite?
False
Is 211 a composite number?
False
Is 66007 prime?
False
Is 1086071 a prime number?
False
Is 9643 a composite number?
False
Is 541 composite?
False
Is 112843 a composite number?
False
Is 871 a composite number?
True
Is 499469 prime?
False
Is 117599 composite?
True
Is 40787 a prime number?
True
Is 6131 composite?
False
Is 1579 a prime number?
True
Is 130421 composite?
True
Is 8312977 composite?
False
Is 83537 composite?
False
Is 1665155 prime?
False
Is 4307 a prime number?
False
Is 371549 a prime number?
True
Is 26599 a prime number?
False
Is 4237 prime?
False
Is 6373 a composite number?
False
Is 35723 a prime number?
False
Is 805177 composite?
False
Is 259705 composite?
True
Is 72537 prime?
False
Is 51995 a prime number?
False
Is 521 a composite number?
False
Is 12037 a composite number?
False
Is 128363 a prime number?
False
Is 8373 a prime number?
False
Is 349159 a composite number?
True
Is 821 composite?
False
Is 5645 prime?
False
Is 458855 a composite number?
True
Is 25253 composite?
False
Is 19059 a composite number?
True
Is 7382 prime?
False
Is 6146581 prime?
False
Is 84086 prime?
False
Is 480901 prime?
False
Is 1739 composite?
True
Is 1297145 composite?
True
Is 3010807 a prime number?
True
Is 19249 a composite number?
False
Is 1103339 a composite number?
False
Is 71701 composite?
True
Is 42281 a composite number?
False
Is 350643 composite?
True
Is 97039 a composite number?
False
Is 439066 composite?
True
Is 14515 prime?
False
Is 12643 a prime number?
False
Is 216913 a composite number?
True
Is 155137 prime?
True
Is 51295 composite?
True
Is 544171 composite?
False
Is 31307 a prime number?
True
Is 277411 prime?
True
Is 137155 a composite number?
True
Is 4633 prime?
False
Is 2735 a composite number?
True
Is 312509 a prime number?
True
Is 9505 a composite number?
True
Is 4229 a composite number?
False
Is 2029007 composite?
False
Is 5153 prime?
True
Is 3975341 a prime number?
True
Is 31765 prime?
False
Is 2473 prime?
True
Is 31967 a composite number?
True
Is 4317 prime?
False
Is 62593 a composite number?
True
Is 152021 composite?
True
Is 73159 composite?
True
Is 2099731 a composite number?
False
Is 257377 a prime number?
False
Is 147853 prime?
True
Is 324491 composite?
False
Is 17077 prime?
True
Is 28383 a composite number?
True
Is 1483841 a composite number?
True
Is 12437 a composite number?
False
Is 116953 composite?
False
Is 42335 prime?
False
Is 40189 prime?
True
Is 555935 a prime number?
False
Is 6739 a composite number?
True
Is 1130621 a composite number?
False
Is 85513 composite?
False
Is 833621 composite?
True
Is 43343 composite?
True
Is 1975673 a composite number?
True
Is 317 a composite number?
False
Is 40093 a prime number?
True
Is 101731 a prime number?
False
Is 6487 a prime number?
False
Is 68371 prime?
True
Is 3891686 a prime number?
False
Is 890323 a composite number?
True
Is 24833 a composite number?
True
Is 716645 prime?
False
Is 451859 composite?
False
Is 193663 a composite number?
False
Is 34693 composite?
False
Is 36299 a composite number?
False
Is 4513 a composite number?
False
Is 174367 a composite number?
False
Is 2325143 a composite number?
False
Is 32273 a composite number?
True
Is 14131 prime?
False
Is 731546 composite?
True
Is 1403 prime?
False
Is 924115 prime?
False
Is 7393 prime?
True
Is 30157 a prime number?
False
Is 6469 a prime number?
True
Is 685231 a composite number?
False
Is 4829701 a composite number?
True
Is 589943 composite?
True
Is 53281 a composite number?
False
Is 4795129 prime?
True
Is 48929 a prime number?
False
Is 2749 composite?
False
Is 355451 composite?
True
Is 72269 a prime number?
True
Is 61483 prime?
True
Is 27617 prime?
True
Is 178067 composite?
False
Is 979 composite?
True
Is 1506019 a composite number?
True
Is 104801 a composite number?
False
Is 72487 a prime number?
False
Is 2257 composite?
True
Is 77417 prime?
True
Is 2038 composite?
True
Is 21223 a prime number?
False
Is 24693 composite?
True
Is 478571 prime?
True
Is 242419 composite?
False
Is 21871 composite?
False
Is 20627 composite?
False
Is 116953 a prime number?
True
Is 14277 a prime number?
False
Is 121621 composite?
False
Is 8419 a composite number?
False
Is 23497 prime?
True
Is 11777 a composite number?
False
Is 202763 a prime number?
False
Is 9811 prime?
True
Is 1973 composite?
False
Is 1633 prime?
False
Is 304553 prime?
True
Is 1171 a prime number?
True
Is 10715 a composite number?
True
Is 33739 composite?
False
Is 55733 a prime number?
True
Is 1324051 a composite number?
False
Is 794 a prime number?
False
Is 94123 prime?
False
Is 16018 prime?
False
Is 3431129 composite?
True
Is 291647 a composite number?
False
Is 102397 a composite number?
False
Is 760411 prime?
True
Is 49255 prime?
False
Is 113318 a prime number?
False
Is 151881 prime?
False
Is 9239 composite?
False
Is 15559 prime?
True
Is 654397 a composite number?
False
Is 1391701 a composite number?
False
Is 1164497 a composite number?
False
Is 3049 prime?
True
Is 57973 a prime number?
True
Is 27509 a composite number?
False
Is 140753 prime?
False
Is 33377 a composite number?
False
Is 1391 prime?
False
Is 128851 a composite number?
True
Is 35589 prime?
False
Is 2385889 composite?
True
Is 105845 a composite number?
True
Is 61291 a prime number?
True
Is 9029 a prime number?
True
Is 22147 a prime number?
True
Is 7235 a prime number?
False
Is 16923 a prime number?
False
Is 4399 a composite number?
True
Is 250423 prime?
True
Is 14969 prime?
True
Is 45205 a composite number?
True
Is 2317 a prime number?
False
Is 44159 a prime number?
True
Is 79327 a prime number?
False
Is 12707 composite?
True
Is 2281 prime?
True
Is 160039 a prime number?
False
Is 2249 composite?
True
Is 2153 prime?
True
Is 4918 composite?
True
Is 98951 prime?
False
Is 3551 a prime number?
False
Is 6143 a prime number?
True
Is 519817 prime?
True
Is 130337 composite?
False
Is 294029 a composite number?
False
Is 96133 a composite number?
True
Is 4569 a prime number?
False
Is 6801 a prime number?
False
Is 27059 a composite number?
False
Is 7619 a composite number?
True
Is 3809 a composite number?
True
Is 18937 prime?
False
Is 168679 prime?
False
Is 1137 a composite number?
True
Is 31469 a composite number?
False
Is 2822233 a prime number?
True
Is 231499 a prime number?
False
Is 19797 prime?
False
Is 1222451 a composite number?
True
Is 269099 composite?
True
Is 133157 prime?
True
Is 202277 composite?
False
Is 1393231 composite?
True
Is 7283 a composite number?
False
Is 19853 a prime number?
True
Is 268757 a composite number?
False
Is 443 a prime number?
True
Is 1862837 prime?
True
Is 752533 a composite number?
True
Is 1949 prime?
True
Is 6805 a composite number?
True
Is 944269 composite?
True
Is 1379 composite?
True
Is 12785 composite?
True
Is 20127 composite?
True
Is 7681 a composite number?
False
Is 65443 composite?
True
Is 8887 a composite number?
False
Is 1364957 a composite number?
True
Is 509617 prime?
False
Is 9199 a composite number?
False
Is 607051 prime?
False
Is 1364287 a prime number?
True
Is 544315 a composite number?
True
Is 265121 composite?
True
Is 1262 composite?
True
Is 72493 a composite number?
False
Is 85677 prime?
False
Is 15349 prime?
True
Is 49883 a prime number?
False
Is 79 a prime number?
True
Is 559 composite?
True
Is 32217 a prime number?
False
Is 160049 prime?
True
Is 21929 composite?
False
Is 297799 composite?
True
Is 286331 a prime number?
False
Is 25231 prime?
False
Is 1056695 a composite number?
True
Is 245327 prime?
False
Is 80293 composite?
True
Is 24523 a prime number?
False
Is 6449 prime?
True
Is 1099 a composite number?
True
Is 3802 composite?
True
Is 176951 prime?
True
Is 42881 prime?
False
Is 1621471 composite?
False
Is 27123 prime?
False
Is 2111 prime?
True
Is 274661 a prime number?
True
Is 52999 a composite number?
False
Is 32919 composite?
True
Is 1361 composite?
False
Is 11602 a prime number?
False
Is 60271 a prime number?
True
Is 186457 a composite number?
True
Is 1655 a prime n